{"id":20,"date":"2023-01-25T17:16:39","date_gmt":"2023-01-25T16:16:39","guid":{"rendered":"https:\/\/www.0tolerancia.hu\/0tolerancia.hu\/?page_id=20"},"modified":"2023-02-13T08:29:42","modified_gmt":"2023-02-13T07:29:42","slug":"konyveloiroda","status":"publish","type":"page","link":"https:\/\/www.0tolerancia.hu\/","title":{"rendered":"Z\u00e9r\u00f3-Tolerancia k\u00f6nyvel\u0151iroda"},"content":{"rendered":"\n<div class=\"wp-block-columns is-layout-flex wp-container-core-columns-is-layout-9d6595d7 wp-block-columns-is-layout-flex\">\n<div class=\"wp-block-column is-layout-flow wp-block-column-is-layout-flow\" style=\"flex-basis:100%\">\n<div class=\"minuszmargo\">\n  <h1 class=\"cim\">B\u0151v\u00edtse tev\u00e9kenys\u00e9g\u00e9t <span class=\"kekszoveg vastagbetu\">Magyarorsz\u00e1gon!<\/span><\/h1>\n<\/div>\n<div class=\"flexnw\">\n  <div class=\"flexnwelso\">\n    <p class=\"sorkizart\">C\u00e9g\u00fcnk t\u00f6bb mint 30 \u00e9ve v\u00e9gzi sz\u00e1mos nemzetk\u00f6zi c\u00e9g ad\u00f3regisztr\u00e1ci\u00f3j\u00e1t, \u00c1FA bev\u00e1ll\u00e1s\u00e1t, valamint sz\u00e1mos magyar c\u00e9g teljes k\u00f6r\u0171 k\u00f6nyvel\u00e9s\u00e9t.<br>\n    <br>\n    \u00c9rt\u00e9kes\u00edtse term\u00e9keit Magyarorsz\u00e1gon ezel \u00faj piachoz \u00e9s bev\u00e9teln\u00f6veked\u00e9shez jutva. Seg\u00edt\u00fcnk \u00d6nnek fel\u00e9p\u00edteni magyar jelenl\u00e9t\u00e9t helyismeret\u00fcnkkel \u00e9s a t\u00f6rv\u00e9nyi elv\u00e1r\u00e1soknak val\u00f3 megfelel\u0151s\u00e9g biztos\u00edt\u00e1s\u00e1val.<\/p>\n  <\/div>\n  <div id=\"kezdokep\">\n    <img loading=\"lazy\" decoding=\"async\" src=\"https:\/\/www.0tolerancia.hu\/0tolerancia.hu\/wp-content\/uploads\/2023\/02\/KGYMonika.jpg\" width=\"120\" height=\"120\" alt=\"Korbulyne_Gyorei_Monika\">\n    <p><strong>Korbulyn\u00e9 Gy\u0151rei M\u00f3nika<\/strong><br>\n    \u00dcgyvezet\u0151 igazgat\u00f3<\/p>\n  <\/div>\n<\/div>\n<div>\n  <div class=\"ketoszlop\">\n    <div id=\"ketoszlopelso\">\n    <h2 class=\"balra\">\u00c1fa regisztr\u00e1ci\u00f3 \u00e9s bevall\u00e1s Magyarorsz\u00e1gon<\/h2>\n    <p class=\"sorkizart\">Elismert multidiszciplin\u00e1ris szolg\u00e1ltat\u00f3 vagyunk, amely ad\u00f3z\u00e1si, v\u00e1m- \u00e9s sz\u00e1mviteli megold\u00e1sokat k\u00edn\u00e1l nemzetk\u00f6zi v\u00e1llalatoknak, hogy megk\u00f6nny\u00edtse fejl\u0151d\u00e9s\u00fcket Magyarorsz\u00e1gon.<\/p>\n    <p>&nbsp;<\/p>\n    <div>\n      <img decoding=\"async\" src=\"https:\/\/www.0tolerancia.hu\/0tolerancia.hu\/wp-content\/uploads\/2023\/02\/mark_zt2535.png\" alt=\"0t_mark\">\n      <p>Szakmai szak\u00e9rtelem<\/p>\n    <\/div>\n    <div>\n      <img decoding=\"async\" src=\"https:\/\/www.0tolerancia.hu\/0tolerancia.hu\/wp-content\/uploads\/2023\/02\/mark_zt2535.png\" alt=\"0t_mark\">\n      <p>Id\u0151takar\u00e9kos<\/p>\n    <\/div>\n    <div>\n      <img decoding=\"async\" src=\"https:\/\/www.0tolerancia.hu\/0tolerancia.hu\/wp-content\/uploads\/2023\/02\/mark_zt2535.png\" alt=\"0t_mark\">\n      <p>\u00c1tl\u00e1that\u00f3 \u00e1rk\u00e9pz\u00e9s<\/p>\n    <\/div>\n    <div>\n      <img decoding=\"async\" src=\"https:\/\/www.0tolerancia.hu\/0tolerancia.hu\/wp-content\/uploads\/2023\/02\/mark_zt2535.png\" alt=\"0t_mark\">\n      <p>V\u00e1laszk\u00e9szs\u00e9g \u00e9s gyors kommunik\u00e1ci\u00f3 k\u00e9pess\u00e9ge e-mailben<\/p>\n    <\/div>\n    <div>\n      <img decoding=\"async\" src=\"https:\/\/www.0tolerancia.hu\/0tolerancia.hu\/wp-content\/uploads\/2023\/02\/mark_zt2535.png\" alt=\"0t_mark\">\n      <p>Figyelmess\u00e9g, emp\u00e1tia&#8230; eg\u00e9sz egyszer\u0171en a v\u00e1gy, hogy j\u00f3t tegy\u00fcnk<\/p>\n    <\/div>\n    <div>\n      <img decoding=\"async\" src=\"https:\/\/www.0tolerancia.hu\/0tolerancia.hu\/wp-content\/uploads\/2023\/02\/mark_zt2535.png\" alt=\"0t_mark\">\n      <p>Munkam\u00f3dszer<\/p>\n    <\/div><\/div>\n    <div id=\"ketoszlopimg\"><img decoding=\"async\" src=\"https:\/\/www.0tolerancia.hu\/0tolerancia.hu\/wp-content\/uploads\/2023\/01\/0t_accounting01.jpg\" alt=\"0t_accounting\"><\/div>\n  <\/div>\n<\/div>\n<div>\n  <div>\n    <h2 class=\"kozepre\" style=\"color: #4758a0;\">Szolg\u00e1ltat\u00e1saink a magyar p\u00e9nz\u00fcgyi k\u00e9pviselethez<\/h2>\n    <p>&nbsp;<\/p>\n    <div class=\"haromoszlop\">\n      <div>\n      <h3>\u00c1fa regisztr\u00e1ci\u00f3<\/h3>\n      <p>Regisztr\u00e1lja k\u00fclf\u00f6ldi sz\u00e9khely\u0171 c\u00e9g\u00e9t \u00e1fafizet\u00e9si c\u00e9lokra Magyarorsz\u00e1gon<\/p><img decoding=\"async\" class=\"haromoszlopikon\" src=\"https:\/\/www.0tolerancia.hu\/0tolerancia.hu\/wp-content\/uploads\/2023\/02\/hungary_circle4.png\" alt=\"0t_hun_circle\"><\/div>\n      <div>\n      <h3>\u00c1fabevall\u00e1s<\/h3>\n      <p>Az \u00e1fafizet\u00e9si k\u00f6telezetts\u00e9gek kezel\u00e9se: fizet\u00e9s, ad\u00f3j\u00f3v\u00e1\u00edr\u00e1s, jelent\u00e9si gyakoris\u00e1g<\/p><img decoding=\"async\" class=\"haromoszlopikon\" src=\"https:\/\/www.0tolerancia.hu\/0tolerancia.hu\/wp-content\/uploads\/2023\/02\/vat_return2.png\" alt=\"0t_vat_return\"><\/div>\n      <div>\n      <h3>OSS \u00e9s IOSS<\/h3>\n      <p>OSS \u00e9s IOSS bejelentkez\u00e9s \u00e9s \u00e9rtes\u00edt\u00e9s. Az egyablakos \u00fcgyint\u00e9z\u00e9s m\u00e9g soha nem volt ilyen egyszer\u0171<\/p><img decoding=\"async\" class=\"haromoszlopikon\" src=\"https:\/\/www.0tolerancia.hu\/0tolerancia.hu\/wp-content\/uploads\/2023\/02\/ioss11.png\" alt=\"0t_ioss\"><\/div>\n    <\/div>\n    <div class=\"haromoszlop\">\n      <div>\n      <h3>\u00c1fa-visszat\u00e9r\u00edt\u00e9s<\/h3>\n      <p>\u00dczleti \u00faton van, v\u00e1s\u00e1rra l\u00e1togat, import\u00fczletet folytat: visszaig\u00e9nylheti a Magyarorsz\u00e1gon el\u0151zetesen felsz\u00e1m\u00edtott \u00e1f\u00e1t&#8230;<\/p><img decoding=\"async\" class=\"haromoszlopikon\" src=\"https:\/\/www.0tolerancia.hu\/0tolerancia.hu\/wp-content\/uploads\/2023\/02\/vat_return3.png\" alt=\"0t_vat_return2\"><\/div>\n      <div>\n      <h3>Intrastat<\/h3>\n      <p>Az \u00c1FA bevall\u00e1son (h\u00e9abevall\u00e1son) k\u00edv\u00fcl a t\u00f6bbi jelent\u00e9s sem hagyhat\u00f3 el. Az Z\u00e9r\u00f3-Tolerancia gondoskodik az \u00d6n k\u00f6telezetts\u00e9geir\u0151l.<\/p><img decoding=\"async\" class=\"haromoszlopikon\" src=\"https:\/\/www.0tolerancia.hu\/0tolerancia.hu\/wp-content\/uploads\/2023\/02\/intrastat.png\" alt=\"0t_intrastat\"><\/div>\n      <div id=\"haromoszlopimg\"><img decoding=\"async\" src=\"https:\/\/www.0tolerancia.hu\/0tolerancia.hu\/wp-content\/uploads\/2023\/01\/0t_accounting600_03.jpg\" alt=\"0t_accounting2\"><\/div>\n    <\/div>\n  <\/div>\n<\/div>\n<div>\n  <p id=\"kapcsolat\" class=\"alcim\">Kapcsolat<\/p>\n  <p>Telefon: +36 1 445-4066<br>\n  Fax: +36 1 700-1601<\/br>\n  E-mail: <a href=\"mailto:info@0tolerancia.hu\">info@0tolerancia.hu<\/a><\/p>\n<\/div>\n<\/div>\n<\/div>\n","protected":false},"excerpt":{"rendered":"<p>B\u0151v\u00edtse tev\u00e9kenys\u00e9g\u00e9t Magyarorsz\u00e1gon! C\u00e9g\u00fcnk t\u00f6bb mint 30 \u00e9ve v\u00e9gzi sz\u00e1mos nemzetk\u00f6zi c\u00e9g ad\u00f3regisztr\u00e1ci\u00f3j\u00e1t, \u00c1FA bev\u00e1ll\u00e1s\u00e1t, valamint sz\u00e1mos magyar c\u00e9g teljes k\u00f6r\u0171 k\u00f6nyvel\u00e9s\u00e9t. \u00c9rt\u00e9kes\u00edtse term\u00e9keit Magyarorsz\u00e1gon ezel \u00faj piachoz \u00e9s bev\u00e9teln\u00f6veked\u00e9shez jutva. Seg\u00edt\u00fcnk \u00d6nnek fel\u00e9p\u00edteni magyar jelenl\u00e9t\u00e9t helyismeret\u00fcnkkel \u00e9s a t\u00f6rv\u00e9nyi elv\u00e1r\u00e1soknak val\u00f3 megfelel\u0151s\u00e9g biztos\u00edt\u00e1s\u00e1val. Korbulyn\u00e9 Gy\u0151rei M\u00f3nika \u00dcgyvezet\u0151 igazgat\u00f3 \u00c1fa regisztr\u00e1ci\u00f3 \u00e9s bevall\u00e1s Magyarorsz\u00e1gon Elismert&hellip; <a class=\"more-link\" href=\"https:\/\/www.0tolerancia.hu\/\"><span class=\"screen-reader-text\">Z\u00e9r\u00f3-Tolerancia k\u00f6nyvel\u0151iroda<\/span> olvas\u00e1s\u00e1nak folytat\u00e1sa<\/a><\/p>\n","protected":false},"author":2,"featured_media":0,"parent":0,"menu_order":0,"comment_status":"closed","ping_status":"closed","template":"","meta":{"footnotes":""},"class_list":["post-20","page","type-page","status-publish","hentry","entry"],"yoast_head":"<!-- This site is optimized with the Yoast SEO plugin v20.1 - https:\/\/yoast.com\/wordpress\/plugins\/seo\/ -->\n<title>Z\u00e9r\u00f3-Tolerancia k\u00f6nyvel\u0151iroda - Z\u00e9r\u00f3-Tolerancia Kft.<\/title>\n<meta name=\"robots\" content=\"index, follow, max-snippet:-1, max-image-preview:large, max-video-preview:-1\" \/>\n<link rel=\"canonical\" href=\"https:\/\/www.0tolerancia.hu\/\" \/>\n<meta property=\"og:locale\" content=\"hu_HU\" \/>\n<meta property=\"og:type\" content=\"article\" \/>\n<meta property=\"og:title\" content=\"Z\u00e9r\u00f3-Tolerancia k\u00f6nyvel\u0151iroda - Z\u00e9r\u00f3-Tolerancia Kft.\" \/>\n<meta property=\"og:description\" content=\"B\u0151v\u00edtse tev\u00e9kenys\u00e9g\u00e9t Magyarorsz\u00e1gon! C\u00e9g\u00fcnk t\u00f6bb mint 30 \u00e9ve v\u00e9gzi sz\u00e1mos nemzetk\u00f6zi c\u00e9g ad\u00f3regisztr\u00e1ci\u00f3j\u00e1t, \u00c1FA bev\u00e1ll\u00e1s\u00e1t, valamint sz\u00e1mos magyar c\u00e9g teljes k\u00f6r\u0171 k\u00f6nyvel\u00e9s\u00e9t. \u00c9rt\u00e9kes\u00edtse term\u00e9keit Magyarorsz\u00e1gon ezel \u00faj piachoz \u00e9s bev\u00e9teln\u00f6veked\u00e9shez jutva. Seg\u00edt\u00fcnk \u00d6nnek fel\u00e9p\u00edteni magyar jelenl\u00e9t\u00e9t helyismeret\u00fcnkkel \u00e9s a t\u00f6rv\u00e9nyi elv\u00e1r\u00e1soknak val\u00f3 megfelel\u0151s\u00e9g biztos\u00edt\u00e1s\u00e1val. Korbulyn\u00e9 Gy\u0151rei M\u00f3nika \u00dcgyvezet\u0151 igazgat\u00f3 \u00c1fa regisztr\u00e1ci\u00f3 \u00e9s bevall\u00e1s Magyarorsz\u00e1gon Elismert&hellip; Z\u00e9r\u00f3-Tolerancia k\u00f6nyvel\u0151iroda olvas\u00e1s\u00e1nak folytat\u00e1sa\" \/>\n<meta property=\"og:url\" content=\"https:\/\/www.0tolerancia.hu\/\" \/>\n<meta property=\"og:site_name\" content=\"Z\u00e9r\u00f3-Tolerancia Kft.\" \/>\n<meta property=\"article:modified_time\" content=\"2023-02-13T07:29:42+00:00\" \/>\n<meta property=\"og:image\" content=\"https:\/\/www.0tolerancia.hu\/0tolerancia.hu\/wp-content\/uploads\/2023\/02\/KGYMonika.jpg\" \/>\n<meta name=\"twitter:card\" content=\"summary_large_image\" \/>\n<meta name=\"twitter:label1\" content=\"Becs\u00fclt olvas\u00e1si id\u0151\" \/>\n\t<meta name=\"twitter:data1\" content=\"4 perc\" \/>\n<script type=\"application\/ld+json\" class=\"yoast-schema-graph\">{\"@context\":\"https:\/\/schema.org\",\"@graph\":[{\"@type\":\"WebPage\",\"@id\":\"https:\/\/www.0tolerancia.hu\/\",\"url\":\"https:\/\/www.0tolerancia.hu\/\",\"name\":\"Z\u00e9r\u00f3-Tolerancia k\u00f6nyvel\u0151iroda - Z\u00e9r\u00f3-Tolerancia Kft.\",\"isPartOf\":{\"@id\":\"https:\/\/www.0tolerancia.hu\/#website\"},\"datePublished\":\"2023-01-25T16:16:39+00:00\",\"dateModified\":\"2023-02-13T07:29:42+00:00\",\"breadcrumb\":{\"@id\":\"https:\/\/www.0tolerancia.hu\/#breadcrumb\"},\"inLanguage\":\"hu\",\"potentialAction\":[{\"@type\":\"ReadAction\",\"target\":[\"https:\/\/www.0tolerancia.hu\/\"]}]},{\"@type\":\"BreadcrumbList\",\"@id\":\"https:\/\/www.0tolerancia.hu\/#breadcrumb\",\"itemListElement\":[{\"@type\":\"ListItem\",\"position\":1,\"name\":\"Kezd\u0151lap\",\"item\":\"https:\/\/www.0tolerancia.hu\/\"},{\"@type\":\"ListItem\",\"position\":2,\"name\":\"Z\u00e9r\u00f3-Tolerancia k\u00f6nyvel\u0151iroda\"}]},{\"@type\":\"WebSite\",\"@id\":\"https:\/\/www.0tolerancia.hu\/#website\",\"url\":\"https:\/\/www.0tolerancia.hu\/\",\"name\":\"Z\u00e9r\u00f3-Tolerancia Kft.\",\"description\":\"\",\"publisher\":{\"@id\":\"https:\/\/www.0tolerancia.hu\/#organization\"},\"alternateName\":\"Z\u00e9r\u00f3-Tolerancia - Biztos ad\u00f3 \u00e9s jogi ismeretek b\u0151v\u00fcl\u00e9shez Magyarorsz\u00e1gon\",\"potentialAction\":[{\"@type\":\"SearchAction\",\"target\":{\"@type\":\"EntryPoint\",\"urlTemplate\":\"https:\/\/www.0tolerancia.hu\/?s={search_term_string}\"},\"query-input\":\"required name=search_term_string\"}],\"inLanguage\":\"hu\"},{\"@type\":\"Organization\",\"@id\":\"https:\/\/www.0tolerancia.hu\/#organization\",\"name\":\"Z\u00e9r\u00f3-Tolerancia Kft.\",\"url\":\"https:\/\/www.0tolerancia.hu\/\",\"logo\":{\"@type\":\"ImageObject\",\"inLanguage\":\"hu\",\"@id\":\"https:\/\/www.0tolerancia.hu\/#\/schema\/logo\/image\/\",\"url\":\"https:\/\/www.0tolerancia.hu\/0tolerancia.hu\/wp-content\/uploads\/2023\/02\/cropped-ztolerancia_logo200.png\",\"contentUrl\":\"https:\/\/www.0tolerancia.hu\/0tolerancia.hu\/wp-content\/uploads\/2023\/02\/cropped-ztolerancia_logo200.png\",\"width\":200,\"height\":90,\"caption\":\"Z\u00e9r\u00f3-Tolerancia Kft.\"},\"image\":{\"@id\":\"https:\/\/www.0tolerancia.hu\/#\/schema\/logo\/image\/\"}}]}<\/script>\n<!-- \/ Yoast SEO plugin. -->","yoast_head_json":{"title":"Z\u00e9r\u00f3-Tolerancia k\u00f6nyvel\u0151iroda - Z\u00e9r\u00f3-Tolerancia Kft.","robots":{"index":"index","follow":"follow","max-snippet":"max-snippet:-1","max-image-preview":"max-image-preview:large","max-video-preview":"max-video-preview:-1"},"canonical":"https:\/\/www.0tolerancia.hu\/","og_locale":"hu_HU","og_type":"article","og_title":"Z\u00e9r\u00f3-Tolerancia k\u00f6nyvel\u0151iroda - Z\u00e9r\u00f3-Tolerancia Kft.","og_description":"B\u0151v\u00edtse tev\u00e9kenys\u00e9g\u00e9t Magyarorsz\u00e1gon! C\u00e9g\u00fcnk t\u00f6bb mint 30 \u00e9ve v\u00e9gzi sz\u00e1mos nemzetk\u00f6zi c\u00e9g ad\u00f3regisztr\u00e1ci\u00f3j\u00e1t, \u00c1FA bev\u00e1ll\u00e1s\u00e1t, valamint sz\u00e1mos magyar c\u00e9g teljes k\u00f6r\u0171 k\u00f6nyvel\u00e9s\u00e9t. \u00c9rt\u00e9kes\u00edtse term\u00e9keit Magyarorsz\u00e1gon ezel \u00faj piachoz \u00e9s bev\u00e9teln\u00f6veked\u00e9shez jutva. Seg\u00edt\u00fcnk \u00d6nnek fel\u00e9p\u00edteni magyar jelenl\u00e9t\u00e9t helyismeret\u00fcnkkel \u00e9s a t\u00f6rv\u00e9nyi elv\u00e1r\u00e1soknak val\u00f3 megfelel\u0151s\u00e9g biztos\u00edt\u00e1s\u00e1val. Korbulyn\u00e9 Gy\u0151rei M\u00f3nika \u00dcgyvezet\u0151 igazgat\u00f3 \u00c1fa regisztr\u00e1ci\u00f3 \u00e9s bevall\u00e1s Magyarorsz\u00e1gon Elismert&hellip; Z\u00e9r\u00f3-Tolerancia k\u00f6nyvel\u0151iroda olvas\u00e1s\u00e1nak folytat\u00e1sa","og_url":"https:\/\/www.0tolerancia.hu\/","og_site_name":"Z\u00e9r\u00f3-Tolerancia Kft.","article_modified_time":"2023-02-13T07:29:42+00:00","og_image":[{"url":"https:\/\/www.0tolerancia.hu\/0tolerancia.hu\/wp-content\/uploads\/2023\/02\/KGYMonika.jpg"}],"twitter_card":"summary_large_image","twitter_misc":{"Becs\u00fclt olvas\u00e1si id\u0151":"4 perc"},"schema":{"@context":"https:\/\/schema.org","@graph":[{"@type":"WebPage","@id":"https:\/\/www.0tolerancia.hu\/","url":"https:\/\/www.0tolerancia.hu\/","name":"Z\u00e9r\u00f3-Tolerancia k\u00f6nyvel\u0151iroda - Z\u00e9r\u00f3-Tolerancia Kft.","isPartOf":{"@id":"https:\/\/www.0tolerancia.hu\/#website"},"datePublished":"2023-01-25T16:16:39+00:00","dateModified":"2023-02-13T07:29:42+00:00","breadcrumb":{"@id":"https:\/\/www.0tolerancia.hu\/#breadcrumb"},"inLanguage":"hu","potentialAction":[{"@type":"ReadAction","target":["https:\/\/www.0tolerancia.hu\/"]}]},{"@type":"BreadcrumbList","@id":"https:\/\/www.0tolerancia.hu\/#breadcrumb","itemListElement":[{"@type":"ListItem","position":1,"name":"Kezd\u0151lap","item":"https:\/\/www.0tolerancia.hu\/"},{"@type":"ListItem","position":2,"name":"Z\u00e9r\u00f3-Tolerancia k\u00f6nyvel\u0151iroda"}]},{"@type":"WebSite","@id":"https:\/\/www.0tolerancia.hu\/#website","url":"https:\/\/www.0tolerancia.hu\/","name":"Z\u00e9r\u00f3-Tolerancia Kft.","description":"","publisher":{"@id":"https:\/\/www.0tolerancia.hu\/#organization"},"alternateName":"Z\u00e9r\u00f3-Tolerancia - Biztos ad\u00f3 \u00e9s jogi ismeretek b\u0151v\u00fcl\u00e9shez Magyarorsz\u00e1gon","potentialAction":[{"@type":"SearchAction","target":{"@type":"EntryPoint","urlTemplate":"https:\/\/www.0tolerancia.hu\/?s={search_term_string}"},"query-input":"required name=search_term_string"}],"inLanguage":"hu"},{"@type":"Organization","@id":"https:\/\/www.0tolerancia.hu\/#organization","name":"Z\u00e9r\u00f3-Tolerancia Kft.","url":"https:\/\/www.0tolerancia.hu\/","logo":{"@type":"ImageObject","inLanguage":"hu","@id":"https:\/\/www.0tolerancia.hu\/#\/schema\/logo\/image\/","url":"https:\/\/www.0tolerancia.hu\/0tolerancia.hu\/wp-content\/uploads\/2023\/02\/cropped-ztolerancia_logo200.png","contentUrl":"https:\/\/www.0tolerancia.hu\/0tolerancia.hu\/wp-content\/uploads\/2023\/02\/cropped-ztolerancia_logo200.png","width":200,"height":90,"caption":"Z\u00e9r\u00f3-Tolerancia Kft."},"image":{"@id":"https:\/\/www.0tolerancia.hu\/#\/schema\/logo\/image\/"}}]}},"_links":{"self":[{"href":"https:\/\/www.0tolerancia.hu\/index.php\/wp-json\/wp\/v2\/pages\/20","targetHints":{"allow":["GET"]}}],"collection":[{"href":"https:\/\/www.0tolerancia.hu\/index.php\/wp-json\/wp\/v2\/pages"}],"about":[{"href":"https:\/\/www.0tolerancia.hu\/index.php\/wp-json\/wp\/v2\/types\/page"}],"author":[{"embeddable":true,"href":"https:\/\/www.0tolerancia.hu\/index.php\/wp-json\/wp\/v2\/users\/2"}],"replies":[{"embeddable":true,"href":"https:\/\/www.0tolerancia.hu\/index.php\/wp-json\/wp\/v2\/comments?post=20"}],"version-history":[{"count":250,"href":"https:\/\/www.0tolerancia.hu\/index.php\/wp-json\/wp\/v2\/pages\/20\/revisions"}],"predecessor-version":[{"id":1203,"href":"https:\/\/www.0tolerancia.hu\/index.php\/wp-json\/wp\/v2\/pages\/20\/revisions\/1203"}],"wp:attachment":[{"href":"https:\/\/www.0tolerancia.hu\/index.php\/wp-json\/wp\/v2\/media?parent=20"}],"curies":[{"name":"wp","href":"https:\/\/api.w.org\/{rel}","templated":true}]}}